et q be (44/1386*72 + (-4)/14)*88. Calculate the highest common divisor of 8492 and q.
44
Let l(d) = 2*d + 37. Let t be l(-19). Let c be (-6227)/117 + (-11)/(-9) + t. Let g be c/(-3) - (-4)/(-6). Calculate the highest common factor of 85 and g.
17
Let r = -34 - -32. Let b be (-41 - r)*21/(-9). Suppose 92*h - 6 = b*h. Calculate the highest common factor of h and 2.
2
Suppose 11 + 21 = 2*q - 4*f, -3*f + 41 = 5*q. Calculate the greatest common divisor of 12 and q.
2
Let o(l) = l**3 - 24*l**2 + 20*l + 74. Let h be o(23). Let v be -4 - (-2)/1*(-315)/(-30). Suppose v + h = c. Calculate the highest common divisor of 198 and c.
22
Suppose 4*v + v = 5. Let j be (-1)/(-1*v/3). Let f be ((-22)/(-4))/(j/24). What is the greatest common factor of f and 220?
44
Suppose -3*y + 6 = -3*z, -2*y = -8*z + 9*z + 8. Let w(p) = -119*p - 47. Let q be w(z). What is the greatest common divisor of 66 and q?
33
Suppose -3*w = 4*p - 3690, 956*p + 3706 = 960*p - 5*w. What is the highest common divisor of 2 and p?
2
Suppose 3*a + 2*a + 5*n = -635, 3*n + 503 = -4*a. Let o be 48/(-72) + a/(-3). Calculate the highest common divisor of o and 90.
10
Let j(l) = 10*l**2 - 30*l + 125. Let c be j(18). What is the greatest common factor of c and 25?
25
Suppose -4 + 2 = k, 3*b + 241 = -2*k. Let n = b - -81. Suppose n*a + 46 = 4*a. Calculate the highest common divisor of a and 23.
23
Let w(s) be the first derivative of 5*s**3/3 + s**2 - 18*s - 45. Let t be w(-8). What is the greatest common factor of t and 22?
22
Let g(y) = -y**2 - 21*y - 13. Suppose 0 = -d - 108 + 89. Let p be g(d). Calculate the greatest common factor of 10 and p.
5
Let z(u) = u**2 + 7*u - 16. Let i be z(6). Let s = -18 + i. Let m = s + -43. What is the highest common divisor of m and 2?
1
Suppose 2*u - 2*f = -26, 2*f + 44 + 26 = -4*u. Let z be u/(-36) - (-136)/18. Suppose -3 = -r + 13. What is the greatest common divisor of r and z?
8
Suppose 41*b + 37*b = 79*b. Suppose 8*u - 6*u + 262 = 5*s, -4*s + 4*u + 212 = b. What is the greatest common divisor of s and 4?
4
Let a be 5 + (-440 - 7 - -4). Let w = 197 - a. What is the highest common factor of w and 5?
5
Let t be 28 + (-1)/1*0. Let f be 166 - (-4 - 2*10/(-4)). Suppose -4*b + 12*n - 15*n + f = 0, -2*n + 124 = 3*b. What is the highest common divisor of t and b?
14
Let t(h) = -h**2 - 32*h - 112. Let z be t(-27). Suppose z*p + 2*p = 3400. Let w be (-8)/10 + 356/20. What is the greatest common divisor of w and p?
17
Let a be (-6)/(-4) - ((-2175)/30 + 6). Calculate the highest common factor of 612 and a.
68
Suppose 11*l + 9048 = 24*l. Suppose l*h - 695*h - 133 = 0. What is the greatest common divisor of h and 7?
7
Let b be (-1532)/(-12) - (75/(-9))/(-5). What is the highest common factor of 18 and b?
18
Let p be 2719/5 - -2 - ((-356)/(-20) - 18). What is the greatest common factor of 52 and p?
26
Let u = 104 - 73. Let g = -43 + 46. Let a be (g/(-15))/(3/(-465)). Calculate the greatest common factor of a and u.
31
Suppose 0 = -2*t + 3*t - 10. Let m(v) = -233*v + 101. Let h be m(-3). Suppose 46*z = 36*z + h. Calculate the greatest common factor of z and t.
10
Suppose 9*t - 18*t - 9 = 0. Let g be 6060/72 - (14/12 + t). What is the highest common factor of 63 and g?
21
Suppose 2*x - 2785 = -m + 6*m, 1671 = -3*m + 3*x. Let w = 1021 + m. What is the greatest common divisor of w and 58?
58
Suppose -3*f - 633 = -2*o, -5*o + 1548 = -6*f + 10*f. What is the highest common divisor of 324 and o?
12
Let p = -488 + 487. Let k be ((-19200)/75)/(p*1). Calculate the greatest common factor of 16 and k.
16
Let i = 4 - -8. Let c = 45340 - 45320. What is the highest common factor of i and c?
4
Let u = 154 - -1328. Suppose u = 28*m + 11*m. What is the highest common divisor of 418 and m?
38
Let i be (-164)/(-14) - 2/(-7). Let s be (60/(-11) + 0)/(33/(-363)). What is the greatest common factor of i and s?
12
Let i = -3117 - -3153. Suppose -z + 292 = z. Suppose -46 - z = -4*y. Calculate the greatest common factor of y and i.
12
Let w(t) = -t**3 + 8*t**2 + 16*t + 42. Let d(a) = a**3 - 9*a**2 - 5*a - 40. Let r be d(10). Let j be w(r). Calculate the highest common divisor of j and 1.
1
Suppose -2*q = -30*o + 29*o + 32, 0 = 2*o - q - 61. What is the greatest common factor of 2470 and o?
10
Let i(z) = -2*z + 19. Let g be i(8). Suppose 2*c = g*p + 15, -c + p + p + 6 = 0. Let j be 111/c - 1/4. What is the highest common factor of 72 and j?
9
Suppose i - 30 = 7*i. Let r(t) = -t**3 - 5*t**2 - 7*t + 3. Let v be r(i). What is the greatest common divisor of v and 95?
19
Suppose -3*c + 680 + 1912 = 0. Let r = c + -617. Suppose 5*y + 56 = 151. What is the highest common factor of y and r?
19
Suppose -4*l - 49 = -3*v, l + l = v - 19. Suppose 253 = v*g - 308. Calculate the greatest common factor of 68 and g.
17
Suppose 0 = -6*j + 323 + 1225. What is the greatest common factor of j and 18?
6
Suppose 4*c - 2*h = -38, -h + 4*h = c + 12. Let y = c - -12. Suppose 3*j - 3 = -0*j. Calculate the highest common factor of y and j.
1
Let k(m) = 2*m**2 - 48*m + 71. Let n be k(24). Suppose n*g - 32*g = 4563. What is the greatest common divisor of 9 and g?
9
Let r be (-2 - -7)*30/(-25). Let f be ((-4)/r)/((-7)/(-126)). Suppose 10*y - 6*y - 4 = 0, -5*x + 117 = -3*y. Calculate the greatest common divisor of f and x.
12
Let i be (-1 - (-3)/5)*60*(5 - 10). Calculate the highest common divisor of 2220 and i.
60
Suppose 28*v + 43*v = 1136. Let t = -588 - -1052. What is the greatest common divisor of v and t?
16
Suppose 4*a + 28 + 1 = -l, -4*l - 134 = -2*a. Suppose -31 = 3*p + 5. Let w = p - l. Calculate the greatest common factor of w and 231.
21
Let l(b) = b**3 - 15*b**2 - 6*b + 111. Let h be l(15). Let t be (-5)/(-20) - (-195)/4. What is the highest common divisor of h and t?
7
Let v = -406 - -412. Let r(h) = 2*h + 38. Let f be r(-17). What is the highest common divisor of f and v?
2
Suppose 149*q - 2984524 = 331341 + 2075253. What is the highest common divisor of q and 158?
158
Suppose 62*w - 603836 = -158800. Calculate the highest common divisor of 388 and w.
194
Suppose 0 = 3*v + 2*t - 1332, 3*t + 657 - 2434 = -4*v. Calculate the greatest common factor of 34 and v.
34
Suppose -371 = -131*a - 77*a + 2749. Calculate the highest common factor of a and 7515.
15
Let y = -859 + 1469. Let g be y/17 + (-14)/(-119). Let f = g - 10. What is the highest common divisor of f and 234?
26
Let y be 10*7/175 - (-15738)/30. What is the greatest common factor of y and 5075?
175
Suppose -3*q - 2 + 98 = 0. Let j = q + -18. Suppose -2*l + 5*n + 498 + 74 = 0, -1362 = -5*l + 4*n. What is the greatest common divisor of l and j?
14
Let n = -1147 + 1726. Let y = n - 399. Calculate the highest common factor of y and 240.
60
Let k(s) = -5*s**2 + 15*s + 52. Let q(f) = -f**2 + f + 1. Let z(o) = -k(o) + 2*q(o). Let h be z(13). What is the greatest common factor of h and 36?
36
Let i = 101 + -96. Suppose 21 = 3*f - y, -i*f + 10*y + 39 = 7*y. What is the highest common divisor of f and 102?
6
Let r be (171 + -17)/(2/15 + 0). Suppose -12*h + 17*h + 2*b = 1140, -b = -5*h + r. Calculate the greatest common divisor of h and 10.
10
Let b = -15202 - -15290. Calculate the greatest common factor of b and 5896.
88
Let x = 102 - 84. Let m be (9/(-3))/x - 1358/(-12). Suppose 2*h + m = 3*d + 37, -3*h = 4*d - 73. Calculate the highest common factor of 88 and d.
22
Let x be 2484/8*(78/18 + -3). Calculate the highest common factor of x and 108.
18
Let u be 6/(-4) + (-7)/(-14) - -6. Suppose -u*y - 3 = -4*m, -5*m - 5*y + 1 = -7*m. Calculate the greatest common divisor of m and 2.
2
Suppose 7*d + 587 = -134. Let x = d + 115. Calculate the greatest common divisor of 18 and x.
6
Suppose 3709*l + 252 = 3715*l. Let a be (4 + 0)*(-21)/(-4). What is the highest common factor of a and l?
21
Suppose 262 = -5*f - 98. Let h = f + 80. Suppose -4*s + 28 = 4*k, 0*k + 2*k + h = 0. Calculate the highest common factor of 55 and s.
11
Let h be (-3368872)/(-7656) + (-1)/33. Calculate the highest common factor of h and 1595.
55
Let v = -160 - -170. Let g be 5/v - ((-1572)/8)/3. What is the highest common divisor of g and 66?
66
Suppose -r + 26 - 10 = 0. Let i(p) = -6*p**3 + 17*p**2 - 9*p + 5*p**3 - 9*p + 46. Let s be i(r). What is the greatest common divisor of s and 14?
14
Suppose -93462